386405 a multiple of 44?
False
Is 87776 a multiple of 16?
True
Does 25 divide 1038850?
True
Is 35 a factor of 11929487?
False
Is 603684 a multiple of 18?
True
Is 8 a factor of 142544?
True
Does 22 divide 50864?
True
Is 252186 a multiple of 22?
True
Is 4 a factor of 557052?
True
Does 85 divide 2311734?
False
Does 72 divide 142704?
True
Is 308502 a multiple of 54?
True
Does 7 divide 49070?
True
Is 7 a factor of 177644?
False
Does 386 divide 106150?
True
Is 284 a factor of 6301960?
True
Does 318 divide 3291936?
True
Is 619 a factor of 96564?
True
Is 1878899 a multiple of 17?
False
Does 5 divide 110080?
True
Does 45 divide 409102?
False
Does 15 divide 143265?
True
Does 16 divide 7856?
True
Is 35464 a multiple of 62?
True
Does 137 divide 621158?
True
Is 270150 a multiple of 106?
False
Is 26194 a multiple of 111?
False
Is 8 a factor of 163475?
False
Does 201 divide 1064496?
True
Is 342 a factor of 98154?
True
Does 6 divide 439866?
True
Is 109 a factor of 2017548?
False
Is 20946216 a multiple of 24?
True
Does 19 divide 302445?
False
Does 90 divide 307127?
False
Does 40 divide 328859?
False
Does 229 divide 1416513?
False
Is 15 a factor of 348444?
False
Does 12 divide 76526?
False
Is 1228966 a multiple of 16?
False
Does 148 divide 45439?
False
Is 775 a multiple of 5?
True
Is 12 a factor of 48850?
False
Does 329 divide 4559282?
True
Is 11228445 a multiple of 56?
False
Is 3669331 a multiple of 123?
False
Does 69 divide 243243?
False
Is 1224531 a multiple of 31?
True
Does 4 divide 81584?
True
Is 42 a factor of 175056?
True
Is 258 a factor of 434472?
True
Is 24 a factor of 3177720?
True
Is 1626191 a multiple of 31?
False
Is 8237395 a multiple of 81?
False
Is 13 a factor of 36296?
True
Is 10621520 a multiple of 112?
True
Is 113 a factor of 266793?
True
Is 24 a factor of 217311?
False
Is 257414 a multiple of 34?
True
Does 471 divide 270989?
False
Is 156468 a multiple of 12?
True
Is 5804375 a multiple of 251?
True
Does 10 divide 414310?
True
Does 1293 divide 1599788?
False
Is 18464744 a multiple of 8?
True
Does 10 divide 20120?
True
Is 1261 a factor of 18925672?
False
Does 315 divide 70875?
True
Is 241 a factor of 113029?
True
Is 54710 a multiple of 202?
False
Is 226 a factor of 118424?
True
Is 230 a factor of 618470?
True
Does 33 divide 145134?
True
Is 4383740 a multiple of 238?
False
Is 185691 a multiple of 1022?
False
Is 27 a factor of 50885?
False
Is 431641 a multiple of 161?
True
Is 1749323 a multiple of 8?
False
Does 10 divide 428300?
True
Is 4 a factor of 728562?
False
Does 6 divide 136694?
False
Is 172 a factor of 553798?
False
Is 1116 a factor of 3239748?
True
Is 34 a factor of 282132?
True
Is 38 a factor of 5830568?
True
Is 7267329 a multiple of 40?
False
Is 436800 a multiple of 25?
True
Is 481900 a multiple of 10?
True
Is 995489 a multiple of 2?
False
Is 6 a factor of 119298?
True
Does 29 divide 21083?
True
Is 2680350 a multiple of 50?
True
Is 288 a factor of 143743?
False
Does 13 divide 247104?
True
Does 45 divide 3657780?
True
Does 36 divide 3920545?
False
Does 11 divide 562903?
True
Is 32989392 a multiple of 148?
False
Does 13 divide 942864?
True
Is 527956 a multiple of 2?
True
Does 267 divide 1628166?
True
Is 26 a factor of 557222?
False
Is 32 a factor of 15169472?
True
Does 10 divide 211677?
False
Does 22 divide 25148?
False
Is 13 a factor of 39?
True
Is 4678501 a multiple of 445?
False
Is 128320 a multiple of 16?
True
Does 41 divide 489053?
False
Does 42 divide 7085439?
False
Is 349 a factor of 2428342?
True
Does 210 divide 24141390?
True
Is 3225858 a multiple of 802?
False
Does 12 divide 8335?
False
Is 2236 a factor of 16888508?
True
Does 6 divide 1061178?
True
Does 101 divide 39996?
True
Is 149 a factor of 1123460?
True
Does 30 divide 8580570?
True
Does 21 divide 17012?
False
Is 29 a factor of 88082?
False
Does 133 divide 310479?
False
Is 54300 a multiple of 15?
True
Does 55 divide 4086625?
False
Does 40 divide 33720?
True
Is 105 a factor of 36225?
True
Is 1310164 a multiple of 340?
False
Does 55 divide 199210?
True
Is 244220 a multiple of 5?
True
Does 268 divide 2691028?
False
Is 1678596 a multiple of 34?
False
Is 34695 a multiple of 142?
False
Is 339 a factor of 1921113?
True
Is 12 a factor of 1348261?
False
Does 36 divide 3532680?
True
Is 44 a factor of 19982299?
False
Is 10 a factor of 4310?
True
Is 2015812 a multiple of 22?
False
Does 15 divide 23949?
False
Is 8 a factor of 65153?
False
Is 2211909 a multiple of 700?
False
Is 468 a factor of 400608?
True
Is 204 a factor of 2322132?
True
Does 627 divide 4601673?
False
Is 6661671 a multiple of 251?
False
Does 475 divide 1661075?
True
Is 281140 a multiple of 54?
False
Is 45 a factor of 102735?
True
Is 4505940 a multiple of 90?
True
Is 14 a factor of 279580?
True
Is 95 a factor of 4489415?
True
Is 8 a factor of 1116064?
True
Is 142625 a multiple of 163?
True
Is 43 a factor of 64199?
True
Is 10 a factor of 17868?
False
Does 14 divide 330577?
False
Does 233 divide 50095?
True
Does 17 divide 99747?
False
Does 151 divide 1512114?
True
Does 671 divide 2048563?
True
Is 46170 a multiple of 270?
True
Is 13 a factor of 962?
True
Does 34 divide 3623856?
True
Does 30 divide 48259?
False
Does 41 divide 10113163?
False
Is 554 a factor of 45428?
True
Does 33 divide 430188?
True
Is 1703850 a multiple of 925?
True
Is 75 a factor of 82176?
False
Is 1400225 a multiple of 8?
False
Does 263 divide 5167631?
False
Does 2188 divide 5704116?
True
Is 20 a factor of 186160?
True
Is 4 a factor of 5820?
True
Does 36 divide 292061?
False
Is 11398134 a multiple of 11?
True
Is 261440 a multiple of 64?
True
Is 17 a factor of 281877?
True
Is 2326 a multiple of 4?
False
Does 16 divide 17885346?
False
Is 152 a factor of 168416?
True
Does 3 divide 33351?
True
Is 177 a factor of 12536733?
True
Does 8 divide 1791244?
False
Is 19914664 a multiple of 2939?
True
Is 12889625 a multiple of 20?
False
Is 11480328 a multiple of 41?
True
Is 8 a factor of 187512?
True
Is 3738850 a multiple of 430?
True
Does 11 divide 1885658?
False
Is 9 a factor of 16736195?
False
Does 37 divide 118191?
False
Does 89 divide 2592493?
False
Is 27 a factor of 25353?
True
Is 13 a factor of 948025?
True
Is 2712045 a multiple of 66?
False
Is 24 a factor of 2904507?
False
Is 10 a factor of 2487485?
False
Does 256 divide 555060?
False
Is 303887 a multiple of 182?
False
Is 58 a factor of 713949?
False
Is 26 a factor of 248?
False
Does 337 divide 1158943?
True
Does 21 divide 3817463?
False
Is 130031 a multiple of 42?
False
Is 444 a factor of 1063412?
False
Is 11463340 a multiple of 37?
True
Is 516 a multiple of 12?
True
Does 572 divide 25065340?
False
Is 4 a factor of 638?
False
Is 14 a factor of 362726?
True
Is 1400433 a multiple of 311?
True
Is 912142 a multiple of 14?
True
Is 97 a factor of 1434228?
False
Is 39 a factor of 575016?
True
Is 375423 a multiple of 42?
False
Is 792309 a multiple of 351?
False
Does 120 divide 3988?
False
Is 968 a factor of 3047264?
True
Does 3 divide 3009?
True
Does 12 divide 2904?
True
Does 413 divide 5587933?
False
Is 590621 a multiple of 115?
False
Is 124 a factor of 10681608?
True
Is 29 a factor of 4555581?
True
Does 478 divide 5490308?
True
Does 452 divide 10704921?
False
Is 98 a factor of 199787?
False
Is 21 a factor of 11054726?
False
Is 8 a factor of 1479016?
True
Is 35 a factor of 12450?
False
Is 117025 a multiple of 38?
False
Does 78 divide 127904?
False
Is 79 a factor of 137300?
False
Is 16 a factor of 83561?
False
Is 877320 a multiple of 90?
True
Does 201 divide 12442905?
True
Does 4 divide 72176?
True
Does 32 divide 636898?
False
Is 332454 a multiple of 27?
False
Is 8919170 a multiple of 494?
True
Is 91500 a multiple of 300?
True
Is 851323 a multiple of 11?
True
Is 643620 a multiple of 60?
True
Does 8 divide 2907552?
True
Does 32 divide 215921?
False
Is 11 a factor of 117140?
False
Is 480 a factor of 20676960?
True
Is 27 a factor of 343061?
False
Does 101 divide 1172932?
False
Is 556248 a multiple of 98?
True
Is 2640848 a multiple of 146?
True
Does 527 divide 326740?
True
Is 149921 a multiple of 9?
False
Is 62919 a multiple of 11?
False
Does 342 divide 67716?
True
Is 20 a factor of 883640?
True
Is 39 a factor of 322569?
True
Does 164 divide 11165791?
False
Is 5543848 a multiple of 6?
False
Does 100 divide 296300?
Tru